885 - 2831. Suppose 4 = y + y. Suppose u - y*u + o = 4*a, -3*a + 35 = -2*u. Calculate the remainder when a is divided by 7.
6
Let v(i) = -5*i**2 + 70*i - 172. Calculate the remainder when 232 is divided by v(10).
8
Suppose -5*i + 26 + 119 = 0. Suppose 5*x = 5*n + x - 3384, -5*n + 3392 = -2*x. What is the remainder when i is divided by (-6)/(-15)*n/16?
12
Suppose -46*s = -9*s + 56823 - 355820. What is the remainder when s is divided by 188?
185
Let j be (-7 + 8 - (-6)/2) + 0. Suppose u + 4*m = -u, j*u - 12 = 4*m. What is the remainder when 85 is divided by 69/2*u/3?
16
Let k(o) = -116*o - 351. Calculate the remainder when k(-14) is divided by 11.
8
Let w(o) be the second derivative of o**4 + 0*o**2 - 25*o + 1/20*o**5 + 0 - 7/3*o**3. What is the remainder when 43 is divided by w(-13)?
4
Suppose 36*s + 51389 = 62333. What is the remainder when s is divided by 44?
40
Suppose -2*n + 8 = l, -n = -6*n + 5. Let o(y) = 8*y - 29. What is the remainder when l is divided by o(4)?
0
Suppose 12*k = -1195 - 809. Let q be -2 + -83 - (-3)/3. Let t = q - k. What is the remainder when t is divided by 17?
15
Suppose -5155 - 31973 = -119*t. What is the remainder when t is divided by (15/2)/(3/42)?
102
Let b = 22 - 23. Calculate the remainder when (-218)/(-4) + (-69)/(-138) is divided by b*(3 - 4) - -29.
25
Let y(u) = -2*u - 18. Let m be y(-13). Suppose 0 = -z - j - 39, -2*j = -5*z - 152 - m. Let w = -18 - z. What is the remainder when 31 is divided by w?
15
Let x = 1101 + -777. Calculate the remainder when x is divided by 96.
36
Let j = 13 - 85. Let s = -35 - j. Let p(r) = -13*r + 110. What is the remainder when s is divided by p(7)?
18
Suppose h = 2*q - 103, 57*h - 40*h + 214 = 5*q. What is the remainder when 2648 is divided by q?
51
Let n(j) = -141*j - 4283. Calculate the remainder when 22263 is divided by n(-31).
87
Let y = 8340 - 8322. Calculate the remainder when 501 is divided by y.
15
Calculate the remainder when 10/((-109)/66 + 115/69) is divided by 48.
36
Let l(m) = 25*m**2 + 2*m - 1. Suppose 0 = q + 5*p - 34, -3*p = q - 2*p - 18. Suppose -q*z - 28 = -16*z. Calculate the remainder when l(1) is divided by z.
12
Suppose -57*g + 1122 = -6*g. Calculate the remainder when 76 is divided by g.
10
Suppose w - 14 = 4*g, -8*w - 77 + 189 = -4*g. Calculate the remainder when 333 is divided by w.
11
Let s be (-35)/(-3)*(12 - -12). Suppose n = -0*n + 2, s = -2*g - 2*n. Let r = -130 - g. What is the remainder when r is divided by 4?
0
Calculate the remainder when 86/559 + (-8145)/(-39) is divided by 126.
83
Suppose 0 = -t - 4*s + 21 - 2, 3*t = -2*s + 7. Let v be 66/10 + t + 21/15. Let p(l) = l + 11. Calculate the remainder when p(v) is divided by 3.
0
Let a(t) = 2*t**3 - 5*t**2 + 6*t - 4. Let r be a(2). Suppose -3*h - 2*h + 15 = d, -r*h - 4 = 0. What is the remainder when 37 is divided by d?
17
Let y be -94 - (4/4 + -1)/2. Let q = y + 89. What is the remainder when 57 is divided by (5/(-4))/((-236)/(-48) + q)?
12
Suppose 5*x + 12 = -t, 0*x - 2*x = t. Suppose 3*v - 38 = -t. What is the remainder when ((-19)/((-209)/(-22)))/((-8)/76) is divided by v?
9
Suppose 207*b - 14959 - 7166 = -3288. What is the remainder when b is divided by 80?
11
Suppose 0 = -5*l - 6*l. Suppose 5*h - 2*b - 197 = -6*b, -4*h + 3*b + 139 = l. What is the remainder when (156/(-8))/((-3)/28) is divided by h?
34
Suppose -3672 = -27*i - 0*i. What is the remainder when i is divided by 59?
18
Calculate the remainder when (545 + -521)*(-34)/(-4) is divided by 91.
22
Suppose h = -3*g + 64, 8*g - 3*g = -5*h + 110. What is the remainder when (9/(-4))/(1/(-36)) is divided by g?
18
Let s(g) = -346*g - 618. What is the remainder when 442 is divided by s(-2)?
72
Let v = 4050 + -3996. What is the remainder when 211 is divided by v?
49
Let d = -402 + 1004. Suppose 6*u - 23 = 151. Calculate the remainder when (d/(-56))/((-2)/16) is divided by u.
28
Suppose 10*p = 5*p + 210. Let u be (-1)/(2/p*-3). Suppose -8*w = -u*w - 10. Calculate the remainder when 67 is divided by w.
7
Let l = -37453 + 37495. What is the remainder when 5038 is divided by l?
40
Let t(w) = w**2 - 33*w - 178. What is the remainder when 5652 is divided by t(-6)?
52
Suppose -g + 7*g - 60 = 0. Let x = -2264 - -2282. Calculate the remainder when x is divided by g.
8
Let g = -182 + 188. Suppose 12 - 528 = -g*i. Calculate the remainder when i is divided by 8.
6
Let r(t) = -2*t**3 + 13*t**2 - 6*t - 14. Let c = -381 - -561. What is the remainder when c is divided by r(5)?
25
Suppose 5*s + 28 = 68. Let z(i) = 39*i - 26. Calculate the remainder when z(s) is divided by 16.
14
Let n = -5 + 3. What is the remainder when ((-76)/(-5) - 2)*5 is divided by (460/(-50))/(n/5)?
20
Let a be 1*37*(-39 + 41). Let n = a + 99. What is the remainder when n is divided by 30?
23
Let y = 4748 - 2085. Calculate the remainder when y is divided by 37.
36
Suppose 27*b - 24*b - 5*s = 25, s = b - 5. Suppose b = -4*c - 5 + 1, 3*y = 3*c + 711. What is the remainder when y is divided by 84?
68
Let y(p) = p - 2. Let u(w) = -4*w - 4. Let s(n) = -u(n) - 5*y(n). What is the remainder when s(-9) is divided by 12?
11
Let l be 140 + ((-8)/(-6) - 10/30). Let m = l - 105. What is the remainder when m is divided by 5?
1
Suppose -5*f - 5*u = -420, 2*u + 222 = -36*f + 39*f. What is the remainder when 687 is divided by f?
63
Let v = 2111 - 828. Suppose 12*t = v - 239. Calculate the remainder when t is divided by 23.
18
Let n(z) = 2*z**3 - 37*z**2 + 8*z + 220. What is the remainder when 2672 is divided by n(18)?
32
Suppose 0*h + 10*h = 20. Suppose -c = 5*x + 83, h*x + 2*x + 3*c = -73. What is the remainder when 673/9 + x/(-72) is divided by 11?
9
Let l(n) = 2*n**3 + 7*n**2 - 115*n + 16. Calculate the remainder when 2032 is divided by l(6).
2
Suppose 3*a - 3*z = 11328, -62*z = -5*a - 60*z + 18877. What is the remainder when a is divided by 32?
31
Let g = 36 - 24. Suppose 31*v - 78 = -2*h + 29*v, 0 = 3*v + 9. What is the remainder when g/78 - 1077/(-13) is divided by h?
41
Suppose 3*a = -5*a + 2088. Let w = a + -106. Suppose -j + z + w = 4*j, 0 = z + 5. Calculate the remainder when 57 is divided by j.
27
Suppose 6984*h = 6974*h + 26300. What is the remainder when h is divided by 28?
26
Let q(d) = 58*d**3 + 2*d**2 + d - 2. Let n be q(1). Let o = -51 + n. Let r = 33 - o. What is the remainder when r is divided by 9?
7
Suppose -249 = 4*a - d - 1884, -5*d = -2*a + 795. Calculate the remainder when (-8*(-12)/(-8))/((-20)/a) is divided by 50.
46
Let d = -156 + 173. Suppose 30*i = d*i + 429. Calculate the remainder when 65 is divided by i.
32
Suppose 4*i + d = 36, -4*i + d - 6*d + 52 = 0. Suppose -26*a = -o - 22*a + 35, -4*a - i = 0. Calculate the remainder when 40 is divided by o.
13
Let t be 2 + -1 - -38*1/2. Let h(m) = -m**3 + 18*m**2 + 23*m + 25. Let s be h(t). Let u = -133 - s. What is the remainder when u is divided by 37?
34
Suppose -31*i + 4578 = 3*l - 29*i, 4*l - 4*i = 6104. Calculate the remainder when l is divided by 59.
51
Let u(d) = -2*d**2 + 19*d - 16. Let s be u(9). Calculate the remainder when 184 is divided by (-18)/(-1) - (0 + s - -4).
16
Suppose 4*o + 3*h - 91 = 0, 34 = 3*o - h - 44. Suppose 0 = -7*w + 80 + o. Calculate the remainder when (297 - (-2 + 1))/2 is divided by w.
14
Suppose -26 = 9*s - 404. Let c = s + -24. Suppose 466 = 5*f + 2*w, 2*w + c + 362 = 4*f. Calculate the remainder when f is divided by 49.
45
Let p(b) = 12*b - 1. Suppose -300*y + 371*y + 2296 = 7053. Calculate the remainder when y is divided by p(2).
21
Let w = -5701 - -5749. Calculate the remainder when 186 is divided by w.
42
Let h be (-16656)/(-28)*(1 - (1 - 7)). Suppose -h = -21*r + 1296. Calculate the remainder when r is divided by 33.
29
Let x(y) = -y**3 - 10*y**2 + 11*y + 21. Suppose -2*m = 5*t + 17, 3*m + t + 34 = 2*t. What is the remainder when 2/(-4)*-4 + 144 is divided by x(m)?
20
Suppose 2*b - 5*s - 3964 = 0, 0 = 2*b - 8*b + 3*s + 11988. Calculate the remainder when b is divided by 143.
0
Let a = 6127 + -6097. Calculate the remainder when 1498 is divided by a.
28
Suppose 4*z = -5*q - 4, -2*q = 3*z + 8 - 5. Suppose 2*v - 501 = -4*s - 69, -5*v = 3*s - 317. What is the remainder when s is divided by ((-42)/28 + q)*(-58)/3?
22
Let o = 3 + -2. Let p be o*3*(14 - 13). Suppose 0 = p*i - 43 - 8. Calculate the